/1 - -10.
4
Suppose 5*d = 5*t + 1 + 19, 0 = -d - 2. Let s be t/(-3)*(-172)/(-2). Suppose 0*v - s = -2*v. Calculate the remainder when v is divided by 22.
20
Let g(b) = -10*b + 2. Let v be g(-2). Let l = -19 + v. Suppose -y + 5*w - 25 = -6*y, -2*y = 5*w + 2. Calculate the remainder when y is divided by l.
0
Let g(q) = -3*q + 15. Let o be g(4). What is the remainder when (3/2)/(o/174) is divided by 22?
21
Suppose 23*s - 27*s = -964. What is the remainder when s is divided by 11?
10
Calculate the remainder when 84 is divided by 59 - 2 - (2 - -5).
34
Suppose -3*o + 2 + 7 = 0. Suppose 6*t - o*t = 6. Suppose 0 = -t*q + 2*k + 136, 0 = -5*q - 4*k + 490 - 132. What is the remainder when q is divided by 18?
16
Suppose 9*o = 12*o - 201. Calculate the remainder when o is divided by 23.
21
Suppose -4*y - 4 = 0, -2*v + 4*v - 6 = -2*y. Suppose 3*j - 65 - 24 = 4*a, -v*a = -4*j + 116. What is the remainder when 105 is divided by j?
24
Let m be 1*(1/1 - -16). Suppose -6*c - m = -7*c. Calculate the remainder when c is divided by 3.
2
Suppose 6 = -3*s, -r + 2*r + 4*s - 11 = 0. What is the remainder when r is divided by 16?
3
Let b(a) = a**2 - 10*a + 12. Let d be b(9). Suppose 4*j - 28 = 2*q, -d*q + 4 - 6 = 2*j. What is the remainder when 22 is divided by j?
2
Let h = -566 + 634. Calculate the remainder when 950 is divided by h.
66
Let p(i) = i**3 - 4*i**2 + 4*i - 4. Let y(b) = 13*b - 56. Calculate the remainder when y(7) is divided by p(4).
11
Suppose 0 = -5*b + 19 - 204. Calculate the remainder when b/(-2) + 12/24 is divided by 7.
5
Let r be (-32)/3*(-3)/(-2). Suppose -3*d - 74 = 4*h + h, -2*d - 3*h - 49 = 0. Let l = r - d. Calculate the remainder when 11 is divided by l.
4
Suppose 176 - 68 = 6*m. Suppose -77 = -m*c + 31. What is the remainder when 20 is divided by c?
2
Let n = 575 + -465. Calculate the remainder when n is divided by 37.
36
Suppose -2614 = -65*r + 4276. Calculate the remainder when r is divided by 30.
16
Let n(k) = k**2 + 70*k + 370. What is the remainder when 492 is divided by n(-5)?
42
Let u be -7*((-81)/21 - 3). Let q be (1/3)/(2/u). Calculate the remainder when 12/q*(-80)/(-6) is divided by 11.
9
Suppose 2*y + 126 = 5*h, 4*h - y - 3*y = 108. Suppose 2*k - 23*q - 13 = -24*q, 3*q = 2*k - 33. Calculate the remainder when h is divided by k.
6
Calculate the remainder when 927/27 - (-8)/12 is divided by 10.
5
Calculate the remainder when 330/(-54) + 6 - 6118/(-63) is divided by 14.
13
Suppose -12710 = -15*h - 2015. Calculate the remainder when h is divided by 65.
63
Let o(x) = 3*x**2 + 27*x - 437. What is the remainder when 2124 is divided by o(10)?
129
Let i = -13 + 22. Suppose -10 = -4*z - z. Suppose -170 = -3*m - z*m. Calculate the remainder when m is divided by i.
7
Suppose -9 = 3*b, -4 = 3*o - 3*b - 13. Suppose 0 = 4*u - o*u - 40. Calculate the remainder when 36 is divided by u.
6
Let l be (-1 - (-5 + 4))/(-1). Suppose 3*s = 4*f - 212, f + 2*s + 7 - 60 = l. What is the remainder when f is divided by 20?
13
Let i = 714 + -673. Calculate the remainder when 119 is divided by i.
37
Let q = 1798 + -1773. Suppose s - 112 = 12. Calculate the remainder when s is divided by q.
24
Let h = -4 + 9. Suppose 0 = h*q + 2*u + 108, 5*q + 59 = 3*u - 29. Let g = q + 37. What is the remainder when 30 is divided by g?
13
Calculate the remainder when 51 is divided by 8/10*490/28.
9
Let n be ((8 + -7)/2)/((-1)/(-6)). Suppose 0 = 4*k + 3*w - 62, -3*w + 46 = n*k - w. What is the remainder when 32 is divided by k?
4
Let d = -509 - -615. What is the remainder when d is divided by 36?
34
Let t = 49 - 13. Suppose 5*l - 5*r = -2*r + 56, 2*l = -2*r + 16. What is the remainder when t*-6*4/(-32) is divided by l?
7
Let c(p) = 2*p**2 - 3*p - 8. Let k(o) = 3*o**2 + 5*o - 3. Let r = -16 + 11. Calculate the remainder when k(r) is divided by c(4).
11
Suppose 0 = 2*k + 3*k - 4*p - 57, -k - p + 6 = 0. Suppose k*m = 4*m + 60. Suppose a - m = -3*a. What is the remainder when 3 is divided by a?
0
Suppose 4*v - 4*n + 1097 = 333, 3*n = 9. What is the remainder when 4/14 - v/28 is divided by 3?
1
Suppose -812 = -5*l + 4*w - 78, 0 = 5*l + w - 729. Calculate the remainder when l is divided by 21.
20
Let j be 14/6 - (-6)/(-18). Suppose -2 = -0*z - j*z. Let f(x) = 87*x**3 - x**2 - x + 1. Calculate the remainder when f(z) is divided by 22.
20
Let v = 8 - -97. Let j be (-3 - 25)/(2/4). Let k = j + v. What is the remainder when k is divided by 13?
10
Let m(s) = 25*s**2 + 7*s - 2. Calculate the remainder when m(2) is divided by 29.
25
Let m = 255 + 14. Calculate the remainder when m is divided by 27.
26
Let l(k) = -k**3 - k**2 + k. What is the remainder when l(-4) is divided by 5/((-40)/12) - 38/(-4)?
4
Suppose 2*v - 5 = 1. Suppose -v*b = b - l - 28, 0 = -4*b - 3*l + 28. Suppose -17 = 6*j - b*j. What is the remainder when 31 is divided by j?
14
Let g be -2*(14/4)/7. Let t be (2 - g) + 48 + 1. Suppose -4*u = 3*b - 25 - t, -3*u = -2*b + 23. What is the remainder when 73 is divided by b?
16
Let l(w) = -w - 2. Let h be ((-5)/2 + 3)*10. Let c be l(h). Calculate the remainder when 3 is divided by c*2*2/(-14).
1
Suppose -23 - 81 = -4*r. Let c(p) = p**3 + 9*p**2 - 25*p - 223. Calculate the remainder when c(-7) is divided by r.
24
Suppose -93*t = -100*t + 56. Calculate the remainder when 10 is divided by t.
2
Let i(w) = 2 + 27*w + 1 - 23*w - w**2. Let n be i(5). What is the remainder when n*((-117)/6 + 1) is divided by 10?
7
Let h = 99 - -39. Let x = -132 + h. What is the remainder when 17 is divided by x?
5
Let b = 587 - 567. Calculate the remainder when 31 is divided by b.
11
Suppose -n = -3*x - 51, -2*n + 157 = -0*n + 5*x. What is the remainder when 262 is divided by n?
64
Suppose -14 = -14*z + 42. Suppose -3*m - 4*l - l + 91 = 0, -z*m + 103 = 3*l. Calculate the remainder when m is divided by 6.
4
Let t(v) = -6*v**2 + 83*v + 18. What is the remainder when t(13) is divided by ((-4)/4)/((-2)/86)?
40
Let n(o) = o**3 + 47*o**2 + 87*o - 114. What is the remainder when 542 is divided by n(-45)?
17
Let b(g) = -2*g**3 + 72*g**2 - 66*g + 130. Calculate the remainder when b(35) is divided by 34.
32
Let w(a) = 6*a + 66. Calculate the remainder when w(11) is divided by 34.
30
Let z(t) = t**2 + 8*t + 4. Let w be z(-8). Suppose w*h = 9*h - 2*x - 115, 4*x - 120 = -4*h. What is the remainder when h is divided by 13?
12
Suppose -4*s + 18 + 6 = 0. Let w = 26 - s. What is the remainder when 36 is divided by w?
16
Let n(u) = 89*u**3 + 3*u**2 - u - 1. What is the remainder when n(1) is divided by 17?
5
Suppose u + 4*c - c - 4 = 0, -5*c + 10 = 2*u. Let t(p) = 123*p - 980. Calculate the remainder when u is divided by t(8).
2
Let j(v) = -32*v + 325. Let z = 2 + 1. Calculate the remainder when j(10) is divided by z.
2
Suppose 0 = -4*q + 5*c - 66, 3 + 41 = -3*q + c. Let a = q - -22. Calculate the remainder when a is divided by 3.
2
Let w be 34 + (-5)/((-5)/4). Let y(u) = -u**3 - 6*u**2 + 5*u + 5. Let f be y(-6). Let j = f + w. What is the remainder when 25 is divided by j?
12
Let o = -170 - -202. What is the remainder when 126 is divided by o?
30
Let a(l) = l**2 - 9*l + 66. What is the remainder when 1835 is divided by a(12)?
101
Let a(h) = -h**3 + 8*h**2 + 21*h + 3. Suppose 79 = 20*o - 41. What is the remainder when a(10) is divided by o?
1
What is the remainder when 369 is divided by -2 - (-63 + -4) - 3?
59
Let h = -3 - 6. What is the remainder when 47 is divided by 5 + h - 4*-4?
11
Suppose 3*h = -4*h. Suppose 10*q - 17*q + 616 = h. Calculate the remainder when q is divided by 9.
7
Suppose 65*f = 161 + 3609. Calculate the remainder when 634 is divided by f.
54
Let z(j) = j - 4. Suppose 4*k - 17 = 11. Let n be z(k). Suppose -4*c + n*c = -63. Calculate the remainder when c is divided by 16.
15
Suppose -3*f + 3*p = -8 - 76, 90 = 3*f + 3*p. Calculate the remainder when 193 is divided by f.
19
Let c = -11 - -31. What is the remainder when 229/5 - 16/c is divided by 16?
13
Suppose 4*i = 3*d + 9, -4*i + 11 = -1. Calculate the remainder when 10 is divided by d.
0
Suppose 0 = -h - h + 34. Let g(c) = 2*c**2 + 10*c + 3. Let z be g(-5). Let u = z - -7. Calculate the remainder when h is divided by u.
7
Let b(k) = 62*k - 286. What is the remainder when b(7) is divided by 28?
8
Suppose 4*f - 3*x = -5*x - 1670, 2*f + 837 = x. Calculate 